at is m(c)?
-1
Suppose -2*l = 50 + 38. Let x = l + 38. Let w(s) = 2*s + 8. Determine w(x).
-4
Let x = -11 + 2. Let q(j) be the second derivative of -2*j**3/3 - 31*j**2/2 - 214915*j. What is q(x)?
5
Let o be (5/(-2))/(710/1136) + 8. Let s(n) = n - 1. Give s(o).
3
Let o(p) = -42*p + 947 - 965 + 47*p. Calculate o(-13).
-83
Let r(l) = -2*l - 5. Suppose 0 = 6*f - 3*f + 3*z + 21, f - 4*z = 3. Let n(k) = -k - 3. Let q(w) = f*n(w) + 3*r(w). Let a be 3/7 - 93/21. Give q(a).
4
Let d(w) = w**3 - 17*w**2 + 68*w - 43. Let o be d(5). Let r(z) = 44*z + 126. Determine r(o).
-6
Let u(j) = 2*j**3 + 12*j**2. Let s be u(-6). Suppose -13*y + 18*y - 20 = s. Let l(i) = i**3 - 5*i**2 + 5*i - 1. Determine l(y).
3
Suppose 4*b - 12 + 40 = 4*g, -g + 2*b + 12 = 0. Suppose -4*y - 2 - 10 = 0. Let s be g/(y/15*2). Let t(r) = r**2 + 2*r + 2. Give t(s).
17
Let o(p) = -3*p**2 - 3. Let a = 5409 - 5407. Give o(a).
-15
Let c(n) be the third derivative of -n**5/30 + 5*n**4/12 + 7*n**3/6 + 2*n**2 - 236. Calculate c(5).
7
Suppose 7*z - 116 = 3. Let j(m) = m**3 - 16*m**2 - 19*m + 7. What is j(z)?
-27
Let z(u) = u**2 + 14*u + 34. Let x = -4478 - -4475. Give z(x).
1
Let l(k) = 6*k + 12 - 12. Suppose 0 = -23*i + 57*i - 6154. Suppose 168*u = i*u - 13. Determine l(u).
6
Let t be 11 + (-2 + 0 - 0). Let j = -13 + t. Let u(a) = -5*a**3 - 3 + 8*a**3 + 0*a**2 - 5*a - 2*a**3 + 4*a**2. Determine u(j).
17
Let j(t) = -t**3 + 5*t**2 + 2*t - 4. Let k(g) = 184*g - 180. Let h be k(1). Give j(h).
20
Let l(p) = 19*p**2 - p - 1. Let z be ((-40)/3)/(20/6 - 4). Suppose -z = 11*g - 12*g. Let x be (-8)/20 + 4/(g/(-3)). Determine l(x).
19
Let z(w) be the first derivative of -29*w**2/2 + 251*w + 5800. What is z(8)?
19
Let l(k) be the third derivative of k**4/8 - 13*k**3/6 + 881*k**2. Give l(3).
-4
Suppose -2*i = 0, 2*n + 5*i - i = -i - 6. Let x(h) = 16*h - 1. Calculate x(n).
-49
Let i be (0 + (-8)/14)*(-84)/24. Suppose -3*v + 4*v = i. Let x(j) = -j**3 + 3*j - 12*j**3 + 5*j**3 - 2 + 7*j**3 + 3*j**2. What is x(v)?
8
Let q(b) = -27 - 5*b**2 - 9*b**2 + 19 + b + b**2 - 8*b. Determine q(-2).
-46
Let w(u) = 69*u - 32. Let q(c) = 15*c - 8. Let x(h) = -9*q(h) + 2*w(h). Calculate x(-8).
-16
Suppose 3*h = p - 3, -2*h - 62 = -5*p + p. Let k(d) = p + 17 - d + 12 - 43. Calculate k(-5).
9
Let u(h) be the second derivative of -1/12*h**4 - 7/2*h**2 - 205*h + 0*h**3 + 0. Determine u(0).
-7
Let c(u) = -u - 15. Suppose -112*s + 241 - 1249 = 0. Determine c(s).
-6
Let f(t) = 2*t - 75. Let h(p) = -p + 45. Let q(k) = 6*f(k) + 10*h(k). Give q(8).
16
Let f(o) = o**2 + 7*o - 87. Let t(m) = 2*m**2 - 218*m - 2373. Let j be t(-10). What is f(j)?
11
Let x(w) = w - 9. Let m(f) = -4. Let c(n) = 5*m(n) - 2*x(n). Suppose 368*q = 374*q + 12. Calculate c(q).
2
Let n(p) = 4*p + 16. Let x(q) = q + 9. Let v(a) = -n(a) + 3*x(a). Calculate v(13).
-2
Let r(s) = -8*s + 5. Let z(d) = -3*d**2 + 34*d + 66. Let w be z(13). What is r(w)?
-3
Suppose 3*b + 20 - 23 = 0. Let t(v) be the second derivative of -13*v**3/6 + 61*v. Calculate t(b).
-13
Let c(v) = v**2 - v + 1. Suppose 64 = -16*x + 12*x. Let b be 15/(-12) - 36/x. Calculate c(b).
1
Let z(o) be the first derivative of -o**4/4 + o**3 + 4*o**2 - 5*o - 2. Let g = 20 + -18. Suppose g*t + t = 15. What is z(t)?
-15
Let n(r) = -r**3 - 9*r - 4. Let s be 2*4 + 744/(-62). What is n(s)?
96
Let j be -18*((83 - 78) + (-28)/6). Let x(p) = -p**2 - 13*p - 52. Determine x(j).
-10
Let q(r) be the third derivative of -r**6/60 + r**5/60 + r**4/24 + 168*r**2. Let f(w) = -13*w**3 + 2*w**2 + 9*w + 4. Let i(u) = f(u) - 6*q(u). Determine i(-4).
-8
Let o(k) = k**3 - 13*k**2 + 3*k - 2. Let j(g) = -g**2 - 5*g + 47. Let b be j(-10). Let p(d) = d**3 - 8*d**2 + 2*d - 1. Let s(c) = b*o(c) + 5*p(c). What is s(2)?
15
Let d(k) = 29*k**3 - 178*k**2 + 27*k - 22. Let b be d(6). Let c(m) = -2*m + m + 0*m - 2. Calculate c(b).
2
Let x be (-53)/((-795)/(-30)) + 2 + -4. Let c(b) = 0*b**2 + 3*b**2 - 2 - 7*b + b**3 - 3. Calculate c(x).
7
Let w(z) = 4*z - 54. Suppose -97*u + 408 = -1435. Determine w(u).
22
Let r(b) be the third derivative of -1/3*b**4 - 2*b**2 + 0 + 7/60*b**5 - 1/120*b**6 + 2/3*b**3 + 20*b. Calculate r(5).
14
Let k(g) = g**3 + 6*g**2 + 5*g - 2. Let y(w) be the third derivative of w**4/12 + w**3/6 + 22*w**2. Let z be y(-3). What is k(z)?
-2
Let w(u) = 6*u - 32. Let f be w(6). Let j = 32 - 35. Let c(a) = 2*a**2 - 10*a - 4. Let o(l) = 3*l**2 - 10*l - 3. Let p(s) = f*c(s) + j*o(s). Calculate p(-9).
2
Suppose 26*o - 7105 = -6221. Let l(q) = 8*q - 282. Calculate l(o).
-10
Let p(k) = -k - 26. Let r be (-32)/(8 + 7 + -13). Calculate p(r).
-10
Let g(q) be the third derivative of -q**6/120 - 2*q**5/15 - 13*q**4/24 - q**3 + 6570*q**2. Let a be ((-3)/3)/((-2)/(-12)). Calculate g(a).
0
Let l(m) be the second derivative of -m**5/20 + 5*m**4/6 + m**3/6 - 11*m**2/2 + 765*m. Suppose -3*i + 37 = 5*c - 13, 5*i = 0. Give l(c).
-1
Let k(j) = -j**3 - 5*j**2 - 2*j - 75. Let g(b) = 2*b**3 + 12*b**2 + 4*b + 157. Let i(z) = 3*g(z) + 7*k(z). What is i(0)?
-54
Let y(v) = v**3 - v**2 - v + 9. Suppose -57*f + 10*f - 3*f = 71*f. Give y(f).
9
Suppose -17*f = -23*f + 102. Suppose -4*v - 11 + 3 = 2*i, 4*i - f = 3*v. Suppose j + i*j + 4*h = -3, 12 = 5*j + h. Let l(u) = u - 3. What is l(j)?
0
Let a(m) = m**2 - 15 + m**2 + 9 - 2 + 3. Determine a(0).
-5
Let v be -3 - (44 - 4)/(-5). Let g(d) be the third derivative of -d**4/24 - 2*d**3/3 + 26*d**2. Determine g(v).
-9
Let j(t) = -t - 40. Let z(y) = -y**3 - 5*y**2 + 5*y - 2. Let s be z(2). What is j(s)?
-20
Let j(o) = o**3 + 14*o**2 + 4*o + 55. Let h be 70/(-60)*(10 + 2). What is j(h)?
-1
Let p(w) = -2*w**3 - 16*w - 3666 - 16*w**2 + 1817 + 2*w**2 + 1833. Calculate p(-6).
8
Let q(b) be the first derivative of -b**3/3 - 11*b**2/2 + 7*b - 1727. Determine q(-10).
17
Let u be -5 - 236/(-48) - 598/24. Let b(n) = 7*n + 185. Calculate b(u).
10
Let h be (-164 + 175)/(11/4). Let v(a) = -15*a + 65. Give v(h).
5
Let o = -216 - -467. Let v = 242 - o. Let i(z) = z**2 + 11*z - 5. Calculate i(v).
-23
Let v(y) = -y**3 + 19*y + 34 - 8 - 5 - 13*y**2 - 38*y - 5. Calculate v(-11).
-17
Let d(x) = -3*x + 2. Let r(v) = v. Let c(t) = 11*t - 30. Let o(p) = -2*c(p) + 18*r(p). Let m be o(15). Calculate d(m).
2
Let q(x) = 19639 - 9824 + 16*x**2 + x**3 - 24*x - 13*x - 9838. Determine q(-18).
-5
Let s be 3*(-20)/6 + 4. Let p(f) be the third derivative of 1/10*f**5 + 0 + 0*f**4 + 2*f**2 + 0*f**3 + 1/120*f**6 + 60*f. What is p(s)?
0
Let p(q) = q**3 + 11*q**2 - 17*q - 57. Let h = -36516 - -36504. What is p(h)?
3
Let t = 16 - 12. Let o(q) = -26*q - q**2 + 22 - 4 - t*q**2 + 23*q. Let a(s) = -2*s**2 - s + 6. Let i(b) = 8*a(b) - 3*o(b). Determine i(0).
-6
Let j(b) = b**2 - b - 2. Suppose 0 - 99 = -33*a. Determine j(a).
4
Suppose 5*i - 14*j = -12*j + 25, -10 = 2*j. Let z(y) be the second derivative of -y + 7/2*y**2 + 0 - 1/3*y**i. Calculate z(9).
-11
Let x(g) = -10*g - 66. Suppose -49 = -30*r - 160 - 99. What is x(r)?
4
Suppose 2*h + 2*h + 0*h = 0. Suppose 5*t = -4*a + 49, h = -2*a - 3*t + 40 - 13. Let g(p) = p - a*p + p + 5*p. What is g(2)?
2
Let i = -285 + 285. Suppose -y = -4*c + 22, -4*c = 3*y - i*c - 14. Let o(l) = -l**2 - 3 + 1 + 4. Calculate o(y).
-2
Suppose -13*g + 120 = 4*g - 2*g. Let q(d) = -d**3 + 9*d**2 - 8*d + 17. What is q(g)?
17
Suppose -24 + 6 = -9*d. Let g(l) = 474*l**2 - 4*l - 465*l**d - 4*l**3 + 3*l**3 - 3. Calculate g(9).
-39
Let v(a) = 2*a + 22. Let k be v(-10). Suppose 8 = 2*g + k*q, 0*q = 4*g + q - 13. Let z(w) be the second derivative of w**3/3 - w**2 + 46*w. Determine z(g).
4
Let o(m) be the third derivative of -m**6/60 + m**5/15 - m**4/6 + m**3 - m**2 + 119*m + 9. Give o(0).
6
Let o = -641 + 639. Let l(u) = 5*u + 8. Let n(b) = -4*b - 5. Let z(g) = o*l(g) - 3*n(g). Give z(-1).
-3
Suppose 23 + 14 = 75*m - 1088. Let n(z) = z**3 - 14*z**2 - 15*z + 13. What is n(m)?
13
Let o be 725/(-150) - 1/6. Let t(v) = 5*v + 9. Give t(o).
-16
Let b(m) = -2*m - 14. Let c be b(5). Let w be ((-2)/3)/(c/108). Suppose -27 = 3*g + 4*t - 7*t, 5*t + 11 = -w*g. Let f(n) = -n**2 - 6*n + 5. Give f(g).
-2
Let o = 56 + -28. Let u(v) = 3 + 1 - 34*v + o*v. What is u(6)?
-32
Let v(o) = o**3 - 20*o**2 + o - 28. Suppose -46*z = -47*z. Suppose z = -22*j + 40*j - 360. Calculate v(j).
-8
Suppose n = 3*u - 1, 5*u + 32 = -5*n + 107. Suppose -16*s = -n*s - 40. Let o(d) = d 